ond derivative of -x**3/6 + 26*x**2 + 20*x. Let j be w(29). Calculate the highest common factor of i and j.
23
Let a(g) = 1 - g + g - g - 2*g. Let l be a(-2). Let w = l + 28. Calculate the greatest common divisor of w and 5.
5
Suppose 190*g + 4050 = 199*g. Let l(x) = -17*x - 6. Let c be l(-3). Calculate the greatest common divisor of c and g.
45
Suppose 4*y - 256 = -3*i, -13*y + i = -9*y - 256. What is the highest common divisor of y and 104?
8
Suppose -7657 = -16*p - 3*p. What is the greatest common factor of 31 and p?
31
Suppose b = 4, 3*m - m = 5*b + 172. What is the highest common divisor of m and 64?
32
Let m(c) = c**3 + 2*c**2 + 6*c + 2. Let u be m(-5). Let b = -48 - u. Let r be 21 - -2*(-1)/(-2). Calculate the highest common divisor of r and b.
11
Let v(x) = -x**2 + 50*x - 456. Let u be v(37). What is the greatest common factor of 1575 and u?
25
Let k be 3*((-8)/3)/(-4). Suppose -k*b = b - 297. Suppose -b = -2*i + i. What is the greatest common divisor of i and 9?
9
Suppose -1430 = -53*u + 902. Calculate the highest common divisor of u and 11.
11
Let l(a) = 6*a**2 + 21*a + 5. Let y be l(-4). Suppose 3*t + 4*i - 165 = 0, -4*t + 0*i - 2*i + 210 = 0. What is the highest common factor of y and t?
17
Suppose j = 2*f - 94, -f + 56 = -0*j + 4*j. Let l = -47 + 23. Let u = f + l. What is the highest common factor of u and 8?
8
Let r(m) = -3*m - 8. Suppose 2*a = 5*a + 18. Let d be r(a). Suppose -7 = c - 9. What is the highest common divisor of c and d?
2
Suppose -31*h - 174 = -34*h. What is the highest common divisor of h and 406?
58
Let h = 26 + -111. Let c = -79 - h. What is the greatest common factor of 48 and c?
6
Let r(h) = -3*h - 11. Let v be r(-9). Suppose 2*i - v = -2*i. Suppose -7*k + 24 = -i*k. Calculate the highest common divisor of 56 and k.
8
Let b(i) = -8*i - 44. Let r be b(-7). What is the greatest common divisor of r and 56?
4
Let i = 116 - 348. Let d = 38 - i. What is the highest common divisor of 10 and d?
10
Suppose 35 = 3*k - 5*x, 4*k + 2 = 2*k - 3*x. Suppose 3*m + 3*f = k*f + 12, -3*f = -9. What is the greatest common divisor of 66 and m?
6
Let r = 620 - 594. Calculate the greatest common divisor of 338 and r.
26
Let s(m) = m**2 + 12*m + 7. Let y be s(-12). What is the greatest common divisor of y and 1?
1
Suppose -p + 2*p = n - 28, 3*n + 4*p = 84. Let j be (11/(-5))/(60/(-8400)). Calculate the greatest common divisor of n and j.
28
Let h(i) be the third derivative of -5*i**6/24 - i**5/60 + i**3/6 + 16*i**2. Let o be h(-1). Calculate the highest common divisor of o and 25.
25
Let x = 33 - 23. Let y = x + -11. Let q be (-11 - y)*(-14 + 6). Calculate the highest common divisor of q and 10.
10
Suppose -8*m + 326 = -250. Let u = -67 + m. What is the greatest common factor of 40 and u?
5
Let r = -4 + 5. Let a(y) = -y**2 + 7*y - 3. Let m be a(4). Suppose m - 25 = -2*h. Calculate the highest common divisor of h and r.
1
Suppose 3*r - 768 = -13*r. Let x(g) = -2*g**3 - 3*g**2 + 6*g + 7. Let a be x(-3). What is the highest common divisor of r and a?
16
Let j(r) = r**3 + 9*r**2 + 13*r - 2. Let f be j(-7). Suppose f*a - 2*i + 4*i - 640 = 0, -4*a + 529 = 5*i. Calculate the highest common divisor of 18 and a.
18
Suppose -36 + 138 = 2*v. Let o = -62 + 30. Let y = v + o. What is the greatest common divisor of 152 and y?
19
Let o = -55 - -259. Calculate the highest common factor of 68 and o.
68
Suppose -233 = -13*z + 27. Calculate the greatest common factor of z and 320.
20
Suppose 0 = -o - 3*o - 72. Let v be ((-12)/9)/((-3)/o). Let y(p) = -p**3 - 7*p**2 - 3*p - 4. Let s be y(v). What is the greatest common factor of 21 and s?
21
Let k be 338/845 - -8*27/10. Calculate the greatest common divisor of k and 792.
22
Suppose 0 = -2*p, -2*t + 239 = -5*p + 71. Calculate the greatest common factor of 48 and t.
12
Let t(h) = 5*h**3 + h - 2. Let u be t(1). Let m be -2*5/((-10)/u)*2. Let g(c) = c + 1. Let p be g(1). What is the highest common factor of m and p?
2
Let k be (-2)/(-3) + 22/(-33). Suppose 2*a - 3*s + 6*s - 40 = k, -5*a - s = -87. What is the highest common divisor of 51 and a?
17
Let g = -18 + 13. Let u = 49 - g. Let k be u/(-15)*(-30)/9. Calculate the highest common factor of k and 120.
12
Let r = 1124 + -1007. What is the highest common factor of r and 45?
9
Let q = 274 - -334. Calculate the highest common factor of 19 and q.
19
Let p = -2 + -25. Let a be (p/12)/((-2)/104). What is the greatest common divisor of a and 13?
13
Suppose -384 + 1788 = 13*k. What is the greatest common factor of 162 and k?
54
Suppose 0 = 119*a - 114*a - 360. Let c(o) = 15*o**3 + 2*o - 1. Let y be c(1). Calculate the greatest common divisor of a and y.
8
Suppose 0 = -5*h + 3*r + 52, -2*h + 2*r - 3*r + 23 = 0. Let l = 3 - 2. What is the highest common divisor of l and h?
1
Let o be (24/(-20))/(2/(-45)). Let f be (2 - 1)/((-2)/48). Let r = 78 + f. What is the greatest common divisor of r and o?
27
Suppose -179*n + 186*n - 420 = 0. Calculate the highest common divisor of 432 and n.
12
Let g = -49 + 193. Suppose 3*q + i = 156, -2*q + 154 = -4*i + 36. Suppose -4*r + 19 + q = 0. Calculate the highest common divisor of g and r.
18
Let s(j) = j**3 + 2*j**2 - 10*j + 3. Let i be s(4). Let t = 70 - i. What is the highest common divisor of t and 77?
11
Let m(d) = d**2 + 13*d + 15. Let k be m(-12). Let h be (4/8 + k)/(3/54). What is the greatest common divisor of h and 42?
21
Suppose -3*j - 2*c = -16, -2*j = 2*j - 3*c + 7. Suppose -j = -3*i - 5, 12 = y + i. Calculate the highest common factor of 143 and y.
13
Let k be ((-2)/(-4))/((-3)/(-72)). Suppose 11*t - k*t = -48. Calculate the greatest common divisor of t and 32.
16
Let y(w) be the second derivative of 19*w**4/3 - w**3/2 + w**2 + 11*w. Let i be y(1). Calculate the highest common factor of i and 15.
15
Suppose -p - 2*p = 0. Let d(s) = -s**3 - s**2 + 105. Let r be d(p). Let t be (r/10)/(9/48). What is the highest common divisor of t and 7?
7
Let h be -908*1/(-38) + 14/133. Calculate the highest common divisor of 27 and h.
3
Suppose q + 601 = 5*a, -q = -2*a - 0*a + 241. Let w(r) = r + 42. Let k be w(6). What is the greatest common divisor of k and a?
24
Let k(f) = 3*f**2 - 5*f. Let m be k(-3). What is the greatest common factor of 14 and m?
14
Let c(o) be the first derivative of -o**3/3 - 5*o**2 + 15*o + 58. Let t be c(-11). What is the greatest common factor of 12 and t?
4
Suppose 4*v - 355 = -5*x, -45*v + 44*v = -x - 91. Calculate the highest common divisor of 12 and v.
6
Let s(u) = -237*u - 227. Let w be s(-1). Calculate the greatest common divisor of w and 5.
5
Suppose 0 = 12*m - 13*m + g + 288, -3*m + 2*g + 863 = 0. What is the greatest common factor of 14 and m?
7
Let d(k) = -2*k - 12. Let r be d(-11). Suppose -5*l + 7*l - 50 = 0. What is the highest common factor of r and l?
5
Let q be (-4)/(((-3)/6)/1). Suppose q = -k + 16. Calculate the greatest common factor of k and 12.
4
Suppose 0 = 4*y - 2*b - 106, 3*b + 133 = 9*y - 4*y. What is the highest common factor of y and 286?
26
Let q(j) = -490*j + 5. Let d be q(-1). Let c be 100/(-45) + 2/9 + 47. Calculate the greatest common divisor of c and d.
45
Let m be 25 + 5 + (-1)/(4/8). Calculate the greatest common divisor of 4 and m.
4
Let b(n) = -64*n - 1391. Let j be b(-22). What is the greatest common factor of 527 and j?
17
Suppose 5*u - 198 = 4*p, 2*u + 29*p = 24*p + 66. Calculate the highest common factor of u and 228.
38
Let n = -2 + 10. Let i = n - 7. Let v be 27/6 + i/(-2). Calculate the highest common divisor of v and 32.
4
Let x be ((-38)/8)/(24/(-480)). Calculate the greatest common factor of 25 and x.
5
Let h be 0 - -10 - (-89518)/13. What is the highest common factor of h and 16?
16
Let l = 17 - -93. What is the highest common divisor of l and 20?
10
Suppose d = 4*w + 2*d - 15, 0 = 4*w + 4*d. Suppose -290 = -w*v - 3*k - 77, 4*k - 74 = -2*v. Calculate the highest common divisor of v and 18.
9
Suppose -2*d = -d + 5*u - 277, -u = d - 273. Suppose -5*s + d - 87 = 0. Calculate the greatest common divisor of s and 37.
37
Suppose 7 + 38 = 4*z - v, -4*v - 50 = -3*z. Suppose 0*s - 20 = -s. Calculate the greatest common factor of s and z.
10
Suppose 16*w - 526 = 354. Calculate the greatest common divisor of 220 and w.
55
Let d(f) = 7*f**2 - 7*f + 8. Let k be d(3).